rs of 53991.
3, 7, 857
What are the prime factors of 5215?
5, 7, 149
What are the prime factors of 15245?
5, 3049
What are the prime factors of 9250?
2, 5, 37
What are the prime factors of 3083?
3083
What are the prime factors of 62442?
2, 3, 3469
What are the prime factors of 43249?
61, 709
What are the prime factors of 36111?
3, 12037
List the prime factors of 2166.
2, 3, 19
What are the prime factors of 10958?
2, 5479
List the prime factors of 66998.
2, 139, 241
List the prime factors of 699.
3, 233
What are the prime factors of 321?
3, 107
List the prime factors of 4254.
2, 3, 709
What are the prime factors of 5279?
5279
List the prime factors of 759.
3, 11, 23
What are the prime factors of 279?
3, 31
What are the prime factors of 6?
2, 3
List the prime factors of 448.
2, 7
What are the prime factors of 9012?
2, 3, 751
What are the prime factors of 5676?
2, 3, 11, 43
What are the prime factors of 676?
2, 13
List the prime factors of 78457.
67, 1171
What are the prime factors of 6065?
5, 1213
What are the prime factors of 43958?
2, 31, 709
What are the prime factors of 52050?
2, 3, 5, 347
What are the prime factors of 2465?
5, 17, 29
List the prime factors of 3988.
2, 997
What are the prime factors of 50134?
2, 7, 3581
List the prime factors of 739.
739
List the prime factors of 926.
2, 463
List the prime factors of 266.
2, 7, 19
List the prime factors of 34184.
2, 4273
What are the prime factors of 1231?
1231
What are the prime factors of 96232?
2, 23, 523
List the prime factors of 57979.
37, 1567
List the prime factors of 4305.
3, 5, 7, 41
What are the prime factors of 15805?
5, 29, 109
What are the prime factors of 27326?
2, 13, 1051
List the prime factors of 627.
3, 11, 19
What are the prime factors of 1455?
3, 5, 97
List the prime factors of 46908.
2, 3, 1303
List the prime factors of 7890.
2, 3, 5, 263
What are the prime factors of 14164?
2, 3541
What are the prime factors of 10552?
2, 1319
List the prime factors of 5747.
7, 821
List the prime factors of 4096.
2
What are the prime factors of 10058?
2, 47, 107
List the prime factors of 952.
2, 7, 17
What are the prime factors of 39135?
3, 5, 2609
List the prime factors of 2769.
3, 13, 71
What are the prime factors of 7500?
2, 3, 5
List the prime factors of 75.
3, 5
List the prime factors of 2946.
2, 3, 491
What are the prime factors of 4110?
2, 3, 5, 137
List the prime factors of 30622.
2, 61, 251
List the prime factors of 1483.
1483
What are the prime factors of 13112?
2, 11, 149
List the prime factors of 53665.
5, 10733
List the prime factors of 942.
2, 3, 157
What are the prime factors of 84357?
3, 7, 13, 103
What are the prime factors of 1651?
13, 127
What are the prime factors of 3081?
3, 13, 79
List the prime factors of 8740.
2, 5, 19, 23
List the prime factors of 26255.
5, 59, 89
What are the prime factors of 3664?
2, 229
What are the prime factors of 2250?
2, 3, 5
What are the prime factors of 1621?
1621
What are the prime factors of 6143?
6143
List the prime factors of 54733.
7, 1117
List the prime factors of 36054.
2, 3, 2003
List the prime factors of 919.
919
List the prime factors of 361.
19
List the prime factors of 4735.
5, 947
List the prime factors of 4452.
2, 3, 7, 53
List the prime factors of 27629.
7, 3947
What are the prime factors of 1625?
5, 13
List the prime factors of 771.
3, 257
What are the prime factors of 1045?
5, 11, 19
List the prime factors of 32393.
29, 1117
List the prime factors of 26961.
3, 11, 19, 43
What are the prime factors of 32155?
5, 59, 109
What are the prime factors of 54?
2, 3
What are the prime factors of 7855?
5, 1571
List the prime factors of 90233.
11, 13, 631
List the prime factors of 33109.
113, 293
List the prime factors of 210.
2, 3, 5, 7
List the prime factors of 15960.
2, 3, 5, 7, 19
List the prime factors of 16231.
16231
What are the prime factors of 136?
2, 17
List the prime factors of 5115.
3, 5, 11, 31
List the prime factors of 19639.
41, 479
What are the prime factors of 28336?
2, 7, 11, 23
What are the prime factors of 1409?
1409
List the prime factors of 19188.
2, 3, 13, 41
List the prime factors of 343.
7
List the prime factors of 56313.
3, 6257
List the prime factors of 1279.
1279
List the prime factors of 2307.
3, 769
What are the prime factors of 402?
2, 3, 67
What are the prime factors of 2058?
2, 3, 7
List the prime factors of 585.
3, 5, 13
List the prime factors of 257.
257
List the prime factors of 119348.
2, 29837
List the prime factors of 1393.
7, 199
What are the prime factors of 680?
2, 5, 17
What are the prime factors of 9447?
3, 47, 67
What are the prime factors of 50?
2, 5
List the prime factors of 31055.
5, 6211
What are the prime factors of 19839?
3, 17, 389
What are the prime factors of 6638?
2, 3319
List the prime factors of 13.
13
List the prime factors of 85258.
2, 47, 907
List the prime factors of 5831.
7, 17
List the prime factors of 128799.
3, 11, 1301
List the prime factors of 590.
2, 5, 59
List the prime factors of 90683.
29, 53, 59
List the prime factors of 12721.
12721
What are the prime factors of 16157?
107, 151
What are the prime factors of 1374?
2, 3, 229
What are the prime factors of 129022?
2, 31, 2081
List the prime factors of 9759.
3, 3253
List the prime factors of 2984.
2, 373
List the prime factors of 32673.
3, 10891
List the prime factors of 31532.
2, 7883
List the prime factors of 2100.
2, 3, 5, 7
List the prime factors of 516.
2, 3, 43
What are the prime factors of 4552?
2, 569
What are the prime factors of 35268?
2, 3, 2939
What are the prime factors of 14930?
2, 5, 1493
List the prime factors of 28463.
28463
List the prime factors of 9666.
2, 3, 179
What are the prime factors of 3673?
3673
List the prime factors of 25.
5
List the prime factors of 982.
2, 491
What are the prime factors of 6870?
2, 3, 5, 229
List the prime factors of 13183.
13183
List the prime factors of 2849.
7, 11, 37
What are the prime factors of 1065?
3, 5, 71
What are the prime factors of 20393?
20393
List the prime factors of 8994.
2, 3, 1499
What are the prime factors of 45414?
2, 3, 29
List the prime factors of 22841.
7, 13, 251
List the prime factors of 67838.
2, 107, 317
List the prime factors of 9391.
9391
List the prime factors of 48482.
2, 7, 3463
List the prime factors of 10353.
3, 7, 17, 29
What are the prime factors of 878?
2, 439
List the prime factors of 690.
2, 3, 5, 23
What are the prime factors of 53079?
3, 13, 1361
List the prime factors of 20476.
2, 5119
What are the prime factors of 9156?
2, 3, 7, 109
What are the prime factors of 20452?
2, 5113
List the prime factors of 2278.
2, 17, 67
List the prime factors of 140191.
140191
List the prime factors of 12200.
2, 5, 61
What are the prime factors of 3987?
3, 443
What are the prime factors of 3246?
2, 3, 541
List the prime factors of 830.
2, 5, 83
List the prime factors of 14218.
2, 7109
List the prime factors of 41642.
2, 47, 443
List the prime factors of 3120.
2, 3, 5, 13
List the prime factors of 14408.
2, 1801
List the prime factors of 13813.
19, 727
List the prime factors of 3393.
3, 13, 29
What are the prime factors of 44943?
3, 71, 211
List the prime factors of 4520.
2, 5, 113
What are the prime factors of 1194?
2, 3, 199
List the prime factors of 16541.
7, 17, 139
List the prime factors of 781.
11, 71
List the prime factors of 4706.
2, 13, 181
What are the prime factors of 1254?
2, 3, 11, 19
List the prime factors of 5806.
2, 2903
List the prime factors of 1112.
2, 139
List the prime factors of 25172.
2, 7, 29, 31
What are the prime factors of 6330?
2, 3, 5, 211
What are the prime factors of 9061?
13, 17, 41
What are the prime factors of 22958?
2, 13, 883
What are the prime factors of 12773?
53, 241
What are the prime factors of 16274?
2, 79, 103
List the prime factors of 104779.
104779
List the prime factors of 4113.
3, 457
List the prime factors of 35948.
2, 11, 19, 43
What are the prime factors of 55981?
17, 37, 89
What are the prime factors of 22428?
2, 3, 7, 89
What are the prime factors of 962?
2, 13, 37
What are the prime factors of 4373?
4373
What are the prime factors of 628?
2, 157
List the prime factors of 1207.
17, 71
What are the prime factors of 157?
157
What are the prime factors of 410?
2, 5, 41
List the prime factors